t) = -t**2 - 7*t - 6. Let b be m(d). Let f = -105 - b. What is the greatest common factor of f and 9?
9
Let d = 3 - 20. Let b = 5 - d. Calculate the highest common divisor of b and 11.
11
Suppose -m = -1, -5*n + 0*n + m + 34 = 0. Let x be (0/2 - 21)*-1. Calculate the greatest common factor of x and n.
7
Let u be ((-4)/(-4))/(((-24)/104)/(-3)). Calculate the highest common factor of 611 and u.
13
Let p(w) = -3*w**2 - 21*w + 4. Let a be p(-7). What is the greatest common factor of a and 148?
4
Suppose -57*l = -50*l - 448. Calculate the greatest common divisor of 2 and l.
2
Let t(p) = -2*p**2 + 180*p + 774. Let m be t(94). Suppose 4*g - 229 + 9 = 0. Calculate the highest common divisor of m and g.
11
Let x = -166 + 186. What is the highest common factor of x and 16?
4
Let k = 6 + 8. Let l(o) = 20*o + 10. Let y be l(3). Calculate the highest common divisor of k and y.
14
Let z = -10 + 17. Suppose -2*s + 6*a + 51 = a, 107 = 4*s - 5*a. Calculate the greatest common factor of s and z.
7
Let d = -4 + 7. Suppose -3*y + 40 = -5*k, -d*y + 5*k = -6*y + 50. Suppose 4 + 2 = -2*p, -3*m + p = -12. What is the highest common factor of y and m?
3
Let o(u) = -129*u**3 + 5*u**2 + 5*u. Let k be o(-1). Calculate the highest common factor of 86 and k.
43
Let j = -52 + 569. Calculate the greatest common divisor of j and 11.
11
Let n be (-3321)/(-51) - (-30)/(-255). What is the highest common divisor of 10 and n?
5
Let a = 849 + -776. Calculate the greatest common factor of 292 and a.
73
Let n(h) = -11*h + 14. Let g be n(-8). Let m = 201 - g. Calculate the highest common factor of 11 and m.
11
Let r = -1889 - -1893. Calculate the greatest common factor of 94 and r.
2
Let u(p) = p. Let f be u(-5). Let t = -1 - f. Suppose 61 = 3*r + 25. Calculate the greatest common factor of r and t.
4
Suppose -4*o + 92 = b, 4*b + 0*b - 308 = -o. What is the greatest common divisor of b and 190?
38
Let l(p) = -2*p**3 + 31*p**2 - 16*p + 35. Let m be l(15). Let z(s) = -35*s. Let a be z(-4). What is the greatest common divisor of a and m?
20
Let z(b) = 977*b**3 + b**2 - 4*b + 5. Let i be z(1). What is the greatest common divisor of 11 and i?
11
Suppose -6*h = -10*h + 80. Let j(g) = -g**3 + 11*g**2 - 2*g + 26. Let i be j(11). Calculate the highest common divisor of i and h.
4
Suppose -4*x = -2*x - 14. Suppose -3*y - 286 = -5*m, 151 + 9 = 3*m + 4*y. What is the highest common divisor of m and x?
7
Suppose 0 = -10*u + 13*u - 6. Suppose -k = u - 6. Calculate the greatest common factor of 32 and k.
4
Suppose 33*q - 52*q = -456. Calculate the greatest common factor of q and 21.
3
Let y = 48 + -42. Suppose -169 = -4*z - 3*n, 4*z + 83 = y*z + n. What is the highest common divisor of z and 8?
8
Let d = -6 - -76. Calculate the greatest common divisor of 42 and d.
14
Let h be 282/5 + (-38)/95. What is the greatest common factor of 8 and h?
8
Let a be 10*(-1)/(-2)*(-90)/(-5). Let l be (-27)/2*2/(-3). What is the greatest common divisor of a and l?
9
Suppose 4*n + 8 = -0*n. Let b be 6 - (0 - 0) - n. Let d be 1 - 4/b*-46. What is the highest common factor of 16 and d?
8
Let x(u) = 15*u - 1. Let d = 36 + -29. Let s be x(d). Let j(n) = -12*n + 1. Let b be j(-1). What is the greatest common factor of s and b?
13
Let n(l) = 33*l - 1. Let c be n(3). Calculate the highest common divisor of c and 49.
49
Let u(x) = 2*x**2 - 32*x + 138. Let b be u(10). What is the highest common factor of b and 621?
9
Let c(b) = b**2 + 2*b + 1. Let k be c(-3). What is the greatest common divisor of 14 and k?
2
Suppose -440 = -3*m - 12*s + 10*s, s + 572 = 4*m. What is the highest common divisor of m and 18?
18
Let b be (3 - 1) + 1 - 3. Let j(z) = -z**2 - z + 18. Let t be j(b). Suppose 0 = 3*s + 3, 4*m + 0*s = s + 49. Calculate the greatest common divisor of t and m.
6
Let c = -471 + 472. Let j(r) be the third derivative of 13*r**6/120 - r**3/6 + r**2. Let h be j(c). What is the highest common divisor of h and 24?
12
Let j = 109 + -73. Suppose -j = -0*w - 3*w. Calculate the greatest common divisor of 48 and w.
12
Let o be (15/(-6))/(1/2). Let f be 267/(-15) - (-1)/o. Let t be f*(1 + (-117)/6). What is the greatest common divisor of t and 37?
37
Suppose 29*b - 323 - 605 = 0. What is the highest common divisor of 896 and b?
32
Let o = 6 - 4. Let x be o/(-11) - (-6176)/88. Suppose -5*y - 78 = -4*t, -3*t + y + x = 3*y. What is the greatest common divisor of t and 55?
11
Let j = 135 - 33. Let y = j + -101. What is the greatest common divisor of 1 and y?
1
Let l be ((-40)/(-12))/5 + 696/9. What is the greatest common factor of 65 and l?
13
Suppose n - 4*d = -2 + 10, n = -d - 2. Let c be 2/2 + 6/2. Suppose n = 5*y - c*y - 363. What is the greatest common divisor of y and 33?
33
Suppose 161*s - 168*s = -2079. Calculate the greatest common factor of 54 and s.
27
Let s(l) be the first derivative of 4*l**3/3 - l**2 + 2*l - 12. Let u be 1 + 2/(-4)*-2. Let b be s(u). What is the highest common factor of 98 and b?
14
Let b(v) = v**2 + 3*v - 2. Let a = -15 + 11. Let k be b(a). Suppose 25 = -7*d + 46. Calculate the highest common divisor of k and d.
1
Let x be (6 - (-212)/8)*48/10. Let y = -81 + x. Calculate the highest common divisor of y and 30.
15
Let z be 191 + -2 + 0*(-2)/6. Let o = -175 + z. What is the greatest common factor of o and 182?
14
Let b(o) = o**2 - o - 16. Let t(d) = d**3 + 4*d**2 + 7*d + 21. Let j be t(-4). Let f be b(j). Calculate the greatest common divisor of 60 and f.
20
Let v = 13 - 9. Suppose -v*o + 142 = 30. Calculate the greatest common divisor of 7 and o.
7
Let h = -16 - -29. What is the greatest common factor of h and 91?
13
Suppose 210 = -9*l + 14*l. Let b = 337 + 41. Calculate the highest common divisor of l and b.
42
Let t be 1050/7 + -1*6. Calculate the greatest common factor of 9 and t.
9
Let p(q) = 8*q + 8. Let a be p(1). Let k(i) = i**3 + 4*i**2 - 2*i - 6. Let v be k(-4). Suppose -v*b + 58 = -102. Calculate the highest common factor of a and b.
16
Let q be 0 + (-3 + 2)*7 + 13. What is the greatest common divisor of 26 and q?
2
Let g be (2 + 0)*(-1350)/(-60). What is the greatest common divisor of g and 35?
5
Let l(j) = 14*j + 93. Let v be l(6). What is the greatest common factor of v and 21?
3
Let p = 27 + 36. Let x(z) = -z + 12. Let v be x(5). What is the greatest common factor of p and v?
7
Suppose 9*x - 4 = 5. Let i(n) = 40*n + 6. Let d be i(x). What is the greatest common divisor of d and 23?
23
Let t(i) = 2*i**2 + 13*i + 101. Let l be t(-12). Calculate the greatest common factor of 1 and l.
1
Let n(y) = 2*y**2 + 13*y + 67. Let a be n(-9). What is the highest common divisor of a and 80?
16
Suppose -313*g = -293*g - 1300. Calculate the highest common factor of 85 and g.
5
Let q be (3/(-6))/(1/(-20)). Let b be 9*-6*(-10)/54. What is the highest common factor of b and q?
10
Let f be (64/(-28) - 2)*-168. Suppose 0 = 15*a - 7*a - f. Let s(m) = m**3 + 6*m**2 - m + 9. Let l be s(-6). Calculate the highest common divisor of l and a.
15
Suppose -6 = -n + 17*p - 22*p, -p - 108 = -4*n. What is the highest common divisor of 65 and n?
13
Suppose 12*i = -0*i + 2268. What is the highest common divisor of i and 14?
7
Suppose 0*o - o + 2 = 0. Let r = 10 + -10. Suppose 3*m = -5*s + 4*s - 5, 3*m + 15 = r. What is the highest common factor of o and s?
2
Let r(q) = 187*q**2 + q - 1. Let i be r(1). Let m = 25 - 13. Suppose 4*n - 56 = m. Calculate the greatest common factor of i and n.
17
Let l be 4*(-2)/((-8)/7). Let x be ((-216)/(-16))/((-2)/(-28)). Suppose r - 3*y - 63 = 0, 3*r - 2*y + 5*y = x. Calculate the highest common factor of l and r.
7
Let m = -28 + 32. Let a(i) = -8*i. Let z be a(-2). Calculate the greatest common divisor of z and m.
4
Let w be 172/14 - 6/21. Calculate the highest common divisor of 132 and w.
12
Suppose -2*a - 115 = -t, 4*t - 72 = -4*a + 400. What is the greatest common factor of t and 13?
13
Let l(q) = 21*q - 3. Let d be l(2). Suppose 30 = -34*p + d*p. Calculate the greatest common factor of p and 18.
6
Let c = 178 - 118. What is the greatest common factor of 204 and c?
12
Suppose -2*n + 30 = -12*n. Let z be n/(-4) + -1*(-453)/4. What is the greatest common divisor of z and 38?
38
Let m be 35/(-10)*22*(-2)/7. Calculate the greatest common divisor of m and 44.
22
Let w(v) = -v**2 - 29*v - 18. Le